2*2/(-28)).
2, 31
Let m = 9 - -21. Suppose -4*g - g + m = 0. Suppose 61 = g*i - 59. What are the prime factors of i?
2, 5
Suppose -4*l = l. Suppose p - 5*a - 118 = l, -4*p + 322 = a - 87. Suppose 4*g + 3 = p. What are the prime factors of g?
5
Let i = -53 + 34. Let o = i - -78. What are the prime factors of o?
59
Let z(s) = s**3 - 9*s**2 + s - 5. Let t be z(9). Suppose 14 = b + t. Suppose 3*l - l = -3*v + 10, b = 4*v + l. List the prime factors of v.
2
Suppose -2*g = -2*r - 3*g + 18, 2*r - 10 = -5*g. Let j = -8 + r. Suppose 7 = -j*t + 73. What are the prime factors of t?
3, 11
Suppose -3*l - 131 = -137, -p + 3*l = -4682. List the prime factors of p.
2, 293
Suppose -t + 246 = -0*t. Let p = t - 113. What are the prime factors of p?
7, 19
Suppose -2*h + 4*d = -1174, d + 2*d - 2403 = -4*h. List the prime factors of h.
3, 199
Let q = -23 + 25. What are the prime factors of 621/9 - (q + 0)?
67
Let c be (-299)/(-39) - 2/(-6). Suppose k = 2*z - k - c, z + k = -4. Let l(p) = -p + 22. What are the prime factors of l(z)?
2, 11
Let n = -362 + 362. Let t be (15/(-4))/((-1)/12). Suppose -q + t = -n*q. List the prime factors of q.
3, 5
Suppose 2*k - 49 = 5*l, 2*k = -4*l + 7 - 3. Let y be (6 - 3)*(-208)/k. List the prime factors of (273/y)/((-2)/16).
2, 3, 7
Let p(x) = -x**3 + 4*x**2 - 2*x + 3. Let w be (-8)/36 + (-47)/(-9). Let n be p(w). Let j = n - -53. What are the prime factors of j?
3, 7
Let m be (-14)/35 - (2 - (-2554)/(-10)). Suppose 0 = 3*x + 100 - m. What are the prime factors of x?
3, 17
List the prime factors of (-956)/(-478) - 2/(2/(-1753)).
3, 5, 13
Let i(h) = -3*h + 3. Let c be (-1)/(4/(14 - 2)). Let n be i(c). Suppose n*u + 42 = 13*u. What are the prime factors of u?
2, 3, 7
Let y(r) = -2*r - 26. Let f be y(-13). Suppose j - 32 - 10 = f. What are the prime factors of j?
2, 3, 7
Let h(n) = -n**2 + n + 2. Let y = 2 - -2. Let q be h(y). Let f(v) = -v - 3. What are the prime factors of f(q)?
7
Suppose 3*c + 1460 = -2*c. Let r = 136 + c. Let s = -110 - r. List the prime factors of s.
2, 23
Suppose -14*n + y = -11*n - 6547, 0 = 5*n - 5*y - 10905. List the prime factors of n.
37, 59
Let f(t) = 2*t**3 - 11*t**2 - t**3 - 18*t - 4 + 7 - 2*t**3. List the prime factors of f(-11).
3, 67
Suppose 0 = -r - 6*r + 189. Let k(u) = -2*u + 34 - r + u**2 + 0*u. List the prime factors of k(8).
5, 11
List the prime factors of (-209 - -9)/(4/(-28)).
2, 5, 7
Let t(r) = 8*r**2 - r + 13. List the prime factors of t(3).
2, 41
Let c = 267 - -7. What are the prime factors of c?
2, 137
Suppose 4*v + 78 = -4*q - 26, 5*v - 4*q + 94 = 0. Suppose -5*x = -4*h + 202, -97 = -2*h - 4*x - 9. Let f = v + h. List the prime factors of f.
2, 13
Suppose 54*j - 40*j - 11900 = 0. What are the prime factors of j?
2, 5, 17
Let a(n) = n**2 + n + 1. Let i be a(6). Let g = i - -48. What are the prime factors of g?
7, 13
Let z = 1 - -4. Let d(u) = u**3 - 10*u**2 - 14*u + 36. Let g be d(11). Suppose -2*l + 0*l + 67 = -5*t, 0 = z*l + g*t - 183. List the prime factors of l.
2, 3
Let f be (-1 - (-5 - 0)) + 318/2. Let n = f - 8. List the prime factors of n.
5, 31
Let j = -361 - -129. Let p = j + 450. List the prime factors of p.
2, 109
Suppose 0 = -9*c + 1976 - 275. List the prime factors of c.
3, 7
Let w be (-1 - -2)*-1 + (-4 - 95). Let k = w - -297. List the prime factors of k.
197
Suppose 0 = 11*k - 9*k + 24. List the prime factors of k/(-78) - (-245)/13.
19
Let l(s) = s**3 - s**2 + 3. Let u be 12 - (0 + -10)/5. Let k = -14 + u. What are the prime factors of l(k)?
3
Suppose 0 = 3*m + 2*k - 2285, -3*m + 0*k + 5*k + 2320 = 0. List the prime factors of m.
3, 5, 17
Let c(o) = 2*o**2 - o - 3. Let j be c(2). Suppose 43 = -5*x + 3*q - 2*q, x - j*q + 17 = 0. Let n(f) = -f + 18. List the prime factors of n(x).
2, 13
Let f(q) = q**3 - 11*q**2 + 15*q - 15. Let v be f(10). Suppose -40*i + 475 = -v*i. What are the prime factors of i?
5, 19
Let g(f) = f**2 - 12*f + 10. Let t be g(-10). Let m = t + -91. What are the prime factors of m?
139
Let c = 5 + -3. Let x(t) = -c*t + 3*t + 12 - 4*t. What are the prime factors of x(3)?
3
Let k be (-15 - -2)/((-3)/(-81)). Let p = k - -12. List the prime factors of p/(-15) - 2/(-5).
23
Let k = 2741 + -924. List the prime factors of k.
23, 79
Let o = 22 + -13. Suppose -3*y + 0*g = 5*g + 6, 5*y = -2*g + o. Suppose y*d + 5*b = 2*b + 54, -1 = b. List the prime factors of d.
19
Let f(j) = j**3 + 2*j**2 - 2*j - 2. Let t be f(-2). Let k be 0/((-2)/(t - 1)). Suppose -l - 6 + 2 = k, l - 32 = -c. List the prime factors of c.
2, 3
List the prime factors of 0 + 2039 - (-117)/39.
2, 1021
Let j be (198/(-77))/((-6)/28). What are the prime factors of (-1 - 1 - 90)*(-6)/j?
2, 23
Let s = -230 - -298. List the prime factors of s.
2, 17
Let r = -56 - -104. Let b = r + -5. Let u = b + -11. List the prime factors of u.
2
Suppose -3 = d - 6. Suppose 245 = d*n + 2*n. Suppose -2*s = -3*s + n. What are the prime factors of s?
7
Let g(x) be the third derivative of 19*x**5/20 - x**4/8 - x**3/3 + 3*x**2. List the prime factors of g(-1).
2, 29
Let z(x) = 246*x - 26. List the prime factors of z(5).
2, 7, 43
Suppose -5*g = -5*z + 4020, 2*g = -z + 6*g + 798. Suppose -11*d + 338 = -z. What are the prime factors of d?
2, 13
Let b(n) = 65*n - 24. List the prime factors of b(3).
3, 19
Let j(r) = r**3 + 37*r**2 + 45*r + 79. List the prime factors of j(-35).
2, 3, 53
Let x(a) = a**3 - 3*a**2 + 4*a. Let j = -14 + 20. What are the prime factors of x(j)?
2, 3, 11
Suppose 2*f = -2*f - 36. Let y(n) = 4*n + 26. Let q be y(f). Let g = 64 + q. What are the prime factors of g?
2, 3
Suppose -6450 = -5*x - 4*z, x + 32*z = 37*z + 1290. List the prime factors of x.
2, 3, 5, 43
List the prime factors of 48117/387 - 2*2/12.
2, 31
Suppose 5 = -4*w - 39. Let b = w - -65. List the prime factors of b.
2, 3
Let j be 792/204 + 2/17. Let u = 8 - 4. What are the prime factors of 36*u/j + -4?
2
Let g = 69 - 59. Let f(o) = o**3 - 10*o**2 + 11*o + 12. List the prime factors of f(g).
2, 61
Suppose -3*g - 4*f - 12 = 0, -4*g - 20 = g + f. Let s = -27 + -18. What are the prime factors of (g/(-2))/((-6)/s)?
3, 5
Let n be (-945)/(-56) + 2/16. Suppose -21*z = -n*z - 320. What are the prime factors of z?
2, 5
Suppose 52 = 3*p - 65. Let j = 140 - p. List the prime factors of j.
101
Let n(v) = -5*v + 3. Let m be n(2). Let k(y) = -y**3 - 5*y**2 + 9*y. Let d be k(m). Let t = d - 13. List the prime factors of t.
2, 11
Suppose 3*m + 4*p = 1806, 0 = 5*p - 6*p - 3. What are the prime factors of m?
2, 3, 101
Suppose -5*a + 0*a - 80 = 0. Let f = 16 - a. What are the prime factors of f?
2
Let w = 1244 + -634. What are the prime factors of w?
2, 5, 61
Suppose -101*s = -102*s + 2. Suppose s*z = 6*z - 3*n - 373, -z = 5*n - 99. List the prime factors of z.
2, 47
Let p(r) = r**2 - 5*r - 1. Let i be p(3). Let b = i - -7. Suppose b = 4*w + w - 85. List the prime factors of w.
17
Let k be 8/10*(-510)/(-6). Suppose 4*n = -2*f + k, -4*f + 3*n = -f - 75. Let z = f + -22. List the prime factors of z.
2, 3
Let p = -32 + 9. Let w = 96 + p. List the prime factors of w.
73
Let s(a) = -a**2 + 15*a - 8. Let m be s(6). Suppose -m = -11*t + 9*t. What are the prime factors of t?
23
Let y be (2 + -6 - -2) + 36. Suppose 0 = 6*d + y - 526. List the prime factors of d.
2, 41
Suppose -59117 = -56*k + 14355. List the prime factors of k.
2, 41
Let r(v) = -v**3 - 35*v**2 - 34*v + 43. What are the prime factors of r(-34)?
43
Suppose 74 = -y + 4*t, 3*y - 3*t + 221 = -37. Let i = -31 - y. List the prime factors of i.
59
Let x(q) = 3*q**2 + 2*q - 2. Let k be x(2). Let v = 16 - k. List the prime factors of -1 + 2/(v/3).
2
What are the prime factors of (-8 + 26)/6 - (-1 - 249)?
11, 23
Let d(n) = n**3 + 3*n**2. Let b be d(-3). Suppose -5*l + 0*l + 150 = b. Let t = l - 1. What are the prime factors of t?
29
Let y = 338 - -366. Suppose -4*s = s - 4*h - y, 0 = s + 5*h - 135. List the prime factors of s.
2, 5, 7
Let q = 50 - 33. Let w = 20 - q. What are the prime factors of 38 + 2/(-1) + w?
3, 13
Let u(d) = 25 - 2*d - 2*d - 28. Let r be u(-2). Suppose r*c = 5*g + 135, 5*c + 4*g - 85 = 14. List the prime factors of c.
23
Let b = 41 - -253. What are the prime factors of b?
2, 3, 7
Let b = -5 - -14. Let u(g) = b*g**2 + 0*g + 2*g + g**3 - 3*g - 2. What are the prime factors of u(-9)?
7
Let a(l) =